visor of 26 and 18?
2
What is the highest common divisor of 17312 and 224?
32
What is the highest common divisor of 128433 and 93?
93
Calculate the greatest common divisor of 86 and 2064.
86
What is the highest common divisor of 77 and 209?
11
What is the greatest common factor of 2059 and 58?
29
Calculate the highest common factor of 18132 and 12.
12
Calculate the greatest common divisor of 476 and 51.
17
Calculate the highest common divisor of 44 and 242.
22
Calculate the highest common factor of 530 and 70.
10
Calculate the highest common divisor of 3465 and 135.
45
What is the highest common divisor of 1 and 21?
1
Calculate the greatest common factor of 14 and 42.
14
What is the highest common factor of 40 and 185?
5
Calculate the highest common factor of 221 and 17.
17
What is the highest common factor of 195 and 21255?
195
What is the greatest common divisor of 165 and 35?
5
Calculate the greatest common factor of 27378 and 18.
18
Calculate the greatest common factor of 78 and 726.
6
Calculate the greatest common divisor of 688 and 301.
43
Calculate the greatest common divisor of 56 and 11368.
56
What is the greatest common factor of 504 and 56?
56
Calculate the greatest common divisor of 60 and 165.
15
Calculate the greatest common divisor of 56 and 14392.
56
What is the highest common factor of 23 and 16537?
23
Calculate the highest common factor of 200 and 100.
100
Calculate the greatest common factor of 3712 and 128.
128
Calculate the highest common factor of 100 and 225.
25
What is the greatest common factor of 55 and 1177?
11
What is the greatest common factor of 2024 and 88?
88
Calculate the highest common factor of 10032 and 342.
114
What is the greatest common divisor of 1615 and 510?
85
Calculate the greatest common divisor of 1743 and 336.
21
What is the greatest common factor of 9381 and 59?
59
Calculate the highest common factor of 12 and 972.
12
Calculate the greatest common factor of 1660 and 35.
5
What is the highest common factor of 3127 and 649?
59
Calculate the highest common factor of 22 and 4081.
11
Calculate the greatest common divisor of 165 and 45.
15
What is the highest common divisor of 6 and 2337?
3
Calculate the highest common divisor of 16 and 1468.
4
What is the highest common divisor of 620 and 1705?
155
Calculate the highest common divisor of 11 and 22.
11
Calculate the highest common factor of 3 and 321.
3
What is the highest common divisor of 102 and 354?
6
What is the greatest common divisor of 135 and 235?
5
Calculate the greatest common factor of 240 and 48.
48
Calculate the greatest common factor of 68 and 1972.
68
What is the highest common divisor of 1962 and 2398?
218
What is the highest common factor of 35 and 1120?
35
What is the greatest common factor of 375 and 30?
15
What is the greatest common divisor of 867 and 51?
51
What is the greatest common divisor of 141 and 2?
1
What is the highest common divisor of 1196 and 46?
46
What is the greatest common divisor of 21 and 84?
21
Calculate the greatest common factor of 3007 and 31.
31
What is the greatest common factor of 3824 and 16?
16
What is the greatest common divisor of 26 and 91?
13
Calculate the highest common factor of 352 and 22.
22
What is the greatest common factor of 106 and 3074?
106
What is the greatest common factor of 1463 and 931?
133
What is the greatest common divisor of 102 and 204?
102
What is the highest common factor of 609 and 174?
87
Calculate the greatest common divisor of 35438 and 13.
13
What is the highest common factor of 5768 and 14?
14
What is the highest common factor of 84 and 28?
28
What is the highest common factor of 116 and 10788?
116
Calculate the highest common factor of 10 and 490.
10
What is the greatest common factor of 168 and 21?
21
What is the greatest common factor of 50 and 10?
10
Calculate the highest common divisor of 70 and 14.
14
What is the greatest common divisor of 56 and 72?
8
Calculate the greatest common divisor of 18 and 279.
9
Calculate the greatest common factor of 18 and 1746.
18
What is the highest common divisor of 52 and 6318?
26
Calculate the greatest common factor of 680 and 100.
20
Calculate the greatest common factor of 1392 and 288.
48
What is the greatest common divisor of 66 and 176?
22
Calculate the greatest common divisor of 16 and 32.
16
Calculate the highest common divisor of 580 and 50.
10
What is the greatest common factor of 208 and 8476?
52
Calculate the greatest common factor of 416 and 39.
13
Calculate the highest common factor of 58 and 8.
2
Calculate the highest common factor of 238 and 7.
7
Calculate the highest common factor of 290 and 58.
58
Calculate the greatest common factor of 200 and 40.
40
Calculate the highest common factor of 14375 and 46.
23
Calculate the greatest common divisor of 180 and 80.
20
Calculate the highest common divisor of 552 and 24.
24
What is the greatest common factor of 130 and 3510?
130
What is the greatest common divisor of 870 and 30?
30
Calculate the highest common factor of 1183 and 364.
91
Calculate the highest common factor of 70 and 2010.
10
Calculate the greatest common factor of 28 and 42.
14
What is the highest common factor of 71796 and 372?
372
Calculate the greatest common divisor of 9 and 33.
3
Calculate the greatest common divisor of 87 and 348.
87
What is the highest common factor of 592 and 16?
16
What is the greatest common factor of 216 and 1332?
36
What is the highest common factor of 2144 and 6700?
268
What is the greatest common factor of 13 and 46306?
13
What is the greatest common factor of 40458 and 66?
66
What is the highest common divisor of 93 and 651?
93
What is the greatest common factor of 154 and 28?
14
What is the highest common factor of 72 and 1368?
72
What is the highest common divisor of 88 and 220?
44
What is the highest common factor of 2 and 1118?
2
What is the highest common divisor of 38 and 1634?
38
What is the highest common factor of 20 and 28?
4
What is the highest common factor of 46 and 667?
23
What is the highest common factor of 35 and 835?
5
What is the greatest common divisor of 726 and 12?
6
What is the greatest common divisor of 13 and 8?
1
Calculate the highest common factor of 1547 and 91.
91
Calculate the highest common divisor of 203 and 5191.
29
Calculate the greatest common divisor of 77 and 55.
11
What is the greatest common divisor of 535 and 15?
5
What is the greatest common divisor of 272 and 221?
17
Calculate the greatest common divisor of 24 and 1572.
12
Calculate the highest common divisor of 81 and 2025.
81
What is the highest common divisor of 864 and 27?
27
Calculate the greatest common divisor of 18 and 45.
9
What is the greatest common factor of 27 and 87?
3
Calculate the greatest common factor of 2860 and 55.
55
Calculate the highest common divisor of 12 and 52.
4
Calculate the highest common divisor of 32 and 1648.
16
Calculate the highest common divisor of 489 and 6031.
163
Calculate the greatest common divisor of 378 and 14.
14
What is the greatest common divisor of 671 and 122?
61
Calculate the highest common factor of 34 and 4.
2
What is the highest common divisor of 20 and 220?
20
Calculate the highest common divisor of 2123 and 22.
11
What is the greatest common divisor of 4 and 82?
2
What is the highest common divisor of 1470 and 30?
30
What is the highest common divisor of 28 and 189?
7
What is the greatest common divisor of 60 and 870?
30
Calculate the highest common factor of 496 and 62.
62
What is the highest common factor of 17220 and 28?
28
Calculate the highest common divisor of 75 and 3.
3
What is the greatest common factor of 1176 and 480?
24
Calculate the highest common divisor of 396 and 180.
36
What is the greatest common divisor of 3172 and 13?
13
Calculate the greatest common factor of 441 and 112.
7
What is the highest common divisor of 8800 and 66?
22
Calculate the highest common factor of 230 and 46.
46
What is the greatest common factor of 4480 and 350?
70
Calculate the highest common divisor of 264 and 297.
33
What is the highest common divisor of 28 and 104?
4
What is the highest common factor of 4870 and 10?
10
What is the highest common factor of 399 and 285?
57
Calculate the greatest common factor of 2714 and 118.
118
Calcula